vided by 2056.
1924
Calculate the remainder when 91832 is divided by 6123.
6110
Calculate the remainder when 132106 is divided by 76.
18
What is the remainder when 40137228 is divided by 257?
253
What is the remainder when 12427 is divided by 4041?
304
What is the remainder when 371201 is divided by 1335?
71
What is the remainder when 254232 is divided by 127112?
8
Calculate the remainder when 39717941 is divided by 9929483.
9
What is the remainder when 386857 is divided by 3891?
1648
Calculate the remainder when 87924 is divided by 1998.
12
What is the remainder when 1217570 is divided by 35810?
30
What is the remainder when 53173 is divided by 1606?
175
What is the remainder when 2714780 is divided by 2641?
2473
What is the remainder when 2137118 is divided by 17?
14
Calculate the remainder when 61918968 is divided by 115.
93
Calculate the remainder when 1343815 is divided by 581.
543
What is the remainder when 8053527 is divided by 1150502?
13
What is the remainder when 857410 is divided by 8654?
664
What is the remainder when 10584230 is divided by 160367?
8
Calculate the remainder when 3551150 is divided by 41.
17
Calculate the remainder when 47821 is divided by 559.
306
Calculate the remainder when 1911521 is divided by 25831.
27
What is the remainder when 16204729 is divided by 169?
164
What is the remainder when 12017987 is divided by 334?
333
Calculate the remainder when 3339303 is divided by 226.
153
Calculate the remainder when 388920 is divided by 3502.
198
What is the remainder when 755298 is divided by 26974?
26
What is the remainder when 653533 is divided by 17627?
1334
What is the remainder when 36118032 is divided by 1397?
1391
What is the remainder when 11840879 is divided by 73091?
137
Calculate the remainder when 2410912 is divided by 46363.
36
What is the remainder when 2544100 is divided by 26?
0
What is the remainder when 82216 is divided by 26869?
1609
Calculate the remainder when 8994023 is divided by 449696.
103
What is the remainder when 7650486 is divided by 56?
46
What is the remainder when 9900629 is divided by 13?
11
Calculate the remainder when 2093268 is divided by 697656.
300
Calculate the remainder when 4291473 is divided by 481.
472
Calculate the remainder when 1269099 is divided by 49.
48
Calculate the remainder when 2912060 is divided by 1958.
514
What is the remainder when 123385 is divided by 2363?
509
Calculate the remainder when 192620 is divided by 96296.
28
Calculate the remainder when 5786486 is divided by 21.
20
Calculate the remainder when 30385 is divided by 3795.
25
What is the remainder when 1950677 is divided by 1855?
1072
Calculate the remainder when 182451196 is divided by 2560.
2556
Calculate the remainder when 5943213 is divided by 91433.
68
Calculate the remainder when 3853612 is divided by 142724.
64
What is the remainder when 142880 is divided by 1401?
1379
What is the remainder when 485556 is divided by 40279?
2208
What is the remainder when 1003463 is divided by 3506?
747
Calculate the remainder when 98716 is divided by 49354.
8
Calculate the remainder when 13607739 is divided by 1700963.
35
What is the remainder when 2634013 is divided by 1316990?
33
What is the remainder when 8299173 is divided by 2074771?
89
What is the remainder when 988017 is divided by 6175?
17
What is the remainder when 157274 is divided by 38428?
3562
What is the remainder when 2752399 is divided by 397?
395
What is the remainder when 17395738 is divided by 4073?
4028
What is the remainder when 122505 is divided by 13475?
1230
What is the remainder when 41000 is divided by 40149?
851
What is the remainder when 2980810 is divided by 324?
10
Calculate the remainder when 755035 is divided by 419.
416
What is the remainder when 2089609 is divided by 38?
27
What is the remainder when 807369 is divided by 835?
759
What is the remainder when 62346020 is divided by 175?
170
What is the remainder when 122647357 is divided by 160?
157
Calculate the remainder when 4918657 is divided by 1639548.
13
What is the remainder when 46177 is divided by 13658?
5203
What is the remainder when 1829598 is divided by 42546?
120
Calculate the remainder when 2097445 is divided by 66.
31
What is the remainder when 36053 is divided by 312?
173
Calculate the remainder when 36342266 is divided by 43.
42
Calculate the remainder when 83621785 is divided by 1182.
13
Calculate the remainder when 8851860 is divided by 1475296.
84
Calculate the remainder when 84468143 is divided by 101.
25
Calculate the remainder when 106462 is divided by 97.
53
Calculate the remainder when 141614 is divided by 259.
200
What is the remainder when 1607257274 is divided by 4115?
4114
What is the remainder when 1432336 is divided by 939?
361
Calculate the remainder when 322727 is divided by 5960.
887
What is the remainder when 1649829 is divided by 31127?
98
What is the remainder when 55846100 is divided by 148?
76
What is the remainder when 420062 is divided by 159?
143
What is the remainder when 236626 is divided by 33232?
4002
Calculate the remainder when 11263064 is divided by 72199.
20
What is the remainder when 5528883 is divided by 12623?
9
What is the remainder when 18983 is divided by 2234?
1111
Calculate the remainder when 192070 is divided by 241.
234
What is the remainder when 16052584 is divided by 391526?
18
Calculate the remainder when 177479 is divided by 1009.
904
Calculate the remainder when 1139748 is divided by 73.
72
What is the remainder when 10586937 is divided by 15?
12
What is the remainder when 31966 is divided by 7824?
670
What is the remainder when 5678778 is divided by 580?
578
What is the remainder when 30055 is divided by 29389?
666
What is the remainder when 340961 is divided by 222?
191
What is the remainder when 375659 is divided by 2263?
1
What is the remainder when 27185150 is divided by 21?
20
What is the remainder when 328591 is divided by 1580?
1531
Calculate the remainder when 800395 is divided by 16.
11
Calculate the remainder when 11638218 is divided by 2909547.
30
What is the remainder when 350981 is divided by 27?
8
What is the remainder when 6483630 is divided by 21?
6
What is the remainder when 50968655 is divided by 7201?
7178
What is the remainder when 29929597 is divided by 800?
797
Calculate the remainder when 295101 is divided by 4089.
693
Calculate the remainder when 238464870 is divided by 238464868.
2
What is the remainder when 59633 is divided by 13790?
4473
What is the remainder when 160627975 is divided by 38?
37
What is the remainder when 1539364 is divided by 3067?
2797
Calculate the remainder when 3909588 is divided by 1156.
1152
What is the remainder when 1391606418 is divided by 13115?
13113
What is the remainder when 39919317 is divided by 43?
9
Calculate the remainder when 2397193 is divided by 1267.
29
What is the remainder when 1349291 is divided by 202?
133
Calculate the remainder when 16419948 is divided by 1880.
28
What is the remainder when 446178 is divided by 55768?
34
Calculate the remainder when 53825 is divided by 238.
37
What is the remainder when 726104 is divided by 1208?
96
What is the remainder when 764840 is divided by 60?
20
Calculate the remainder when 3460189 is divided by 1153307.
268
What is the remainder when 3919091 is divided by 1458?
1445
Calculate the remainder when 17317922 is divided by 558642.
20
Calculate the remainder when 868909102 is divided by 338.
334
Calculate the remainder when 39351 is divided by 990.
741
What is the remainder when 4175597 is divided by 36628?
5
What is the remainder when 75664 is divided by 72096?
3568
What is the remainder when 4879831 is divided by 748?
627
Calculate the remainder when 279787 is divided by 369.
85
Calculate the remainder when 30746 is divided by 5551.
2991
What is the remainder when 86820355 is divided by 28940113?
16
What is the remainder when 1389301 is divided by 1088?
1013
Calculate the remainder when 158608 is divided by 31720.
8
Calculate the remainder when 246559444 is divided by 3506.
3500
What is the remainder when 85494 is divided by 298?
266
Calculate the remainder when 12755830 is divided by 4196.
4186
Calculate the remainder when 119094583 is divided by 183.
13
Calculate the remainder when 34671 is divided by 9